of j?
5, 7
Let t(n) be the first derivative of -3*n**4/4 - n**3/3 + n**2 + 2*n + 11. What are the prime factors of t(-3)?
2, 17
Let o(p) = -11*p**2 - p. Let n be o(1). Let y be ((-63)/n)/((-6)/(-16)). Suppose y*s - 16*s + 124 = 0. List the prime factors of s.
2, 31
Let b(s) = 69*s**2 - 20*s + 78. What are the prime factors of b(6)?
2, 3, 11, 37
Let m = 4 + 311. Suppose m = 3*s - 3*v, 3*v + 2*v + 216 = 2*s. What are the prime factors of s?
103
Let w be (-5 - -6)/((24/(-978))/(-4)). Suppose -132 = k - 28. Let t = w + k. List the prime factors of t.
59
Suppose 73*r - 70*r + 1125 = 0. Let k = -46 - r. List the prime factors of k.
7, 47
Suppose 9*v - 4*v = 160. Suppose -2*x = x - 4*g - v, 3*x + 3*g = -3. Suppose -3*l + 82 = 4*r, 2*l = x*l - 3*r - 49. What are the prime factors of l?
2, 13
Let m(q) = -4*q + 34. Let l be m(8). Suppose 2*w - l*x = -x + 236, 4*w - 456 = -2*x. List the prime factors of w.
2, 29
Let p be ((-3)/(-6) + -1)*-4. Let j = p + 1. Suppose 4 = -j*v + 2*v, -u - 2*v + 7 = 0. List the prime factors of u.
3, 5
Suppose -5*a + 3*a = t - 12, 0 = -4*t + 2*a - 2. Suppose -4*f = -h - 0*f + 126, -648 = -5*h + t*f. List the prime factors of h.
2, 5, 13
Suppose 4*p = -3*m + 10972, m - 25*p = -20*p + 3651. List the prime factors of m.
2, 457
Let s(d) = -5*d**3 - 6*d**2 - 4*d - 10. What are the prime factors of s(-5)?
5, 97
Suppose -45 = 2*r - 11*r. Suppose -3*l + 141 = -r*j, 3*l + 5*j = 5*l - 99. List the prime factors of l.
2, 3, 7
Suppose -360*u + 355*u + 585 = 0. What are the prime factors of u?
3, 13
Let t be (2/4*0/4)/(-1). Suppose -b - 3*z - 65 + 201 = t, 0 = -4*z. What are the prime factors of b?
2, 17
Let k(r) = -3*r + 54. Let x be k(16). What are the prime factors of 36/27 - (1684/x)/(-1)?
2, 3, 47
Let x = -20 + 468. List the prime factors of x.
2, 7
Let s be 3 - (-1 - 10 - -2). Let r be -3*(1 - 56/s). Suppose 14*k - 105 = r*k. What are the prime factors of k?
5, 7
Let h(y) = -5*y - 1. Let p be h(-5). Let i = p - 19. Suppose -i*g + 0 - 20 = 0, w - g - 15 = 0. What are the prime factors of w?
11
Let w be 8/24 - (-73)/(-3). Let g = -45 - w. What are the prime factors of (-304)/(-10) - g/35?
31
Let m be (16/12)/(8/(-60)). Let k(t) = t**3 + 10*t**2 + 2. Let p be k(m). What are the prime factors of 3/(-6)*p - -4?
3
Let q = 65 - 60. Suppose y - 5*p = 55, q*y - 145 = 2*y - 5*p. List the prime factors of y.
2, 5
Suppose 7*b = 1168 + 8373. What are the prime factors of b?
29, 47
Let a(y) = 43*y + 31. Let p(h) be the second derivative of -11*h**3/3 - 8*h**2 + 5*h. Let o(g) = -3*a(g) - 5*p(g). List the prime factors of o(-4).
3, 7
Let c be (5 + -14)*(-4)/6. Suppose 4*w - c - 14 = 0. Suppose 0 = -2*h + w*h - 99. What are the prime factors of h?
3, 11
Let q = -23 - -22. Let o be 2/2*(q + 0). Let t(j) = 10*j**2 + 2*j + 1. List the prime factors of t(o).
3
Suppose 45346 + 39089 = 39*h. List the prime factors of h.
5, 433
Suppose 5*n + 293 + 242 = 0. Let u = 297 + n. List the prime factors of u.
2, 5, 19
Let q(r) = 2*r + 15. Let t be q(-7). Suppose -y - t = -2. What are the prime factors of (3/y)/(1/1)?
3
Suppose 0 = 4*q - 5*y + 23, 2*y - 15 + 1 = 4*q. Let p be 3/(-1) + (q - -17). Suppose -m + p - 3 = 0. What are the prime factors of m?
3
Suppose 5*i - i = -308. Let o = i - 26. Let z = o - -146. What are the prime factors of z?
43
Let c be 3/(-5) + (-1316)/140. List the prime factors of (-255)/c - 2/4.
5
Let b(f) = f**2 + f + 96. Suppose -3*l + 3*m = -8 - 1, 12 = -l - 4*m. Let d be b(l). Suppose -d = -2*c - 2*c. What are the prime factors of c?
2, 3
Let k(p) = 4*p**3 + 10*p**2 + 9. List the prime factors of k(7).
1871
Let b be (-3)/6*1*0. List the prime factors of b - (-5*19 + -1).
2, 3
Let z(c) = -c**3 + 15*c**2 - 1. List the prime factors of z(-11).
5, 17, 37
Let l(w) = 0*w**3 - w**3 - 12 - 6*w**2 - 4*w**2. Let v be l(-10). List the prime factors of 388/14 + v/(-42).
2, 7
Suppose -5*g + 36 = 21. Suppose 0 = 2*t + g*h - 160, -5*t = -0*h - h - 383. What are the prime factors of t?
7, 11
Let c(a) = 15*a**2 + 13*a + 173. List the prime factors of c(-14).
3, 977
Let d = 13881 + -7741. List the prime factors of d.
2, 5, 307
Let g = -5901 - -10142. List the prime factors of g.
4241
Suppose 0 = 5*y + b - 5*b - 818, 5*y - 815 = 5*b. Suppose y = 2*n - 0*g + 2*g, -n + 73 = -g. What are the prime factors of n?
2, 3, 13
Suppose -12*i = 2*i - 8932. List the prime factors of i.
2, 11, 29
Let h(n) = n - 1. Let z(r) = r - 1. Let g(t) = 5*h(t) - 4*z(t). Let j be g(3). Suppose -4*m = -j*m - 58. List the prime factors of m.
29
Suppose 0 = t + 7*w - 5*w - 125, 4*t - w = 491. Suppose t + 87 = 5*d. List the prime factors of d.
2, 3, 7
Suppose 4*g - 6*g = 0. Let q be 1*(0 + 2) - 5. Let n = g - q. What are the prime factors of n?
3
Let r(l) be the second derivative of l**5/20 + 5*l**4/6 - l**3/2 - 3*l**2/2 - l. Let o = 14 - 24. What are the prime factors of r(o)?
3
List the prime factors of 797 - (-4 + (1 - 3)).
11, 73
Suppose 0 = -r - 3 + 1, -5*u + 19 = 3*r. Suppose -u*q + 141 - 16 = 0. What are the prime factors of q?
5
Let k(h) = -h**3 - 2*h**2 + 3. Let x be k(0). Suppose 4*p - x*m = 82, 0 = 3*p + m - 51 - 17. What are the prime factors of p?
2, 11
Let f = -559 + 821. Suppose t = 3*w - 2*t - 159, 4*t + f = 5*w. List the prime factors of w.
2, 5
Let u(j) = -560*j**3 - 2*j**2 - 9*j. Let z(v) = 280*v**3 + v**2 + 4*v. Let s(l) = -4*u(l) - 9*z(l). List the prime factors of s(-1).
3, 31
Let o be -6*(3/2 - 3). Suppose 5*i - 8 = o*i. What are the prime factors of 1 + 0 + i + 3?
2
Let o be ((-4)/10)/(1/(-25)). Suppose 2*j - o = 184. What are the prime factors of j?
97
Suppose 13*t + 6973 = 16*t + 4*h, -5*t + 11610 = -5*h. What are the prime factors of t?
23, 101
Let i be 0/1 + 14/7. Let q be 1*(-3)/(-3)*i. Suppose -85 = -3*k - q*k. What are the prime factors of k?
17
Let m = 23 - 21. Suppose l - 8 = m*k - 201, k - 84 = -2*l. Suppose 6*v - 8*v = -k. List the prime factors of v.
47
Let d(l) = l - 1. Let i(y) = 4*y + 6. Let v(t) = -3*d(t) + i(t). Let r be v(-4). Suppose r*k = -g + 29, 3*k = -2*g + 8 + 15. What are the prime factors of g?
2
Let w(t) = -t**3 - 10*t**2 + 2*t + 1. Let y be w(-5). Let c = -75 - y. What are the prime factors of c?
59
Let i(x) = x**2 + 7*x - 3. Let w(q) = -q**3 - 7*q**2 + q + 1. Let d be w(-7). Let m be i(d). List the prime factors of (-42)/m*(-27)/(-6).
3, 7
Suppose -5*i = 9 - 289. Suppose h + i = 5*h. What are the prime factors of -1 - (-7)/(h/8)?
3
Suppose 11*c - 54582 + 3201 = 0. What are the prime factors of c?
3, 173
Let k(m) be the third derivative of 5*m**4/24 - 7*m**3/3 - 2*m**2. Let y be (1/3)/((-1)/(-18)). List the prime factors of k(y).
2
Suppose 2*w + 548 = s, 5*s - 4*s - 3*w - 549 = 0. List the prime factors of s.
2, 3, 7, 13
Let l(s) = -10*s**3 - 2*s + 4*s**3 + 3*s**3 - 4 - s**2. List the prime factors of l(-4).
2, 3, 5
Suppose 8 = 25*c - 21*c. Let a(s) = 74*s + 23. What are the prime factors of a(c)?
3, 19
Suppose -5*p - 5 = -6*p. Suppose -p*r - 636 = -4*c, -c - 3*c + 648 = -2*r. List the prime factors of c.
2, 41
Suppose -15*p = -29*p + 56. Let j be 6 + (0 - -2)/(-2). Suppose -j*u + 108 = -u - p*t, -4*u - t = -133. List the prime factors of u.
2
Suppose 22*g - 59*g + 16983 = 0. List the prime factors of g.
3, 17
Let m be 15/4 - 9/12. Let p be (-23 + 4)/(m/(-42)). Suppose 154 = 3*c - 2*z + 3*z, p = 5*c + 4*z. List the prime factors of c.
2, 5
Let v = -16 + 22. Suppose -v = -2*h + 192. List the prime factors of h.
3, 11
Let b be 2/(-7) - (-4)/14. Let o = -45 + b. Let r = 64 + o. List the prime factors of r.
19
List the prime factors of (23964/9)/(-2*(-24)/36).
1997
Let s(r) = 9*r + 2*r**3 - 7*r + 15*r + 15 - 20*r**2. What are the prime factors of s(10)?
5, 37
Let j be (((-34)/3)/2)/(8/144). Let c = j + 259. List the prime factors of c.
157
Suppose 267 = 3*t - 1689. What are the prime factors of t?
2, 163
Let c = -88 + 181. List the prime factors of c.
3, 31
Suppose 36*x - 202356 = -27*x. What are the prime factors of x?
2, 11, 73
Suppose 6*c - 364 = 4*c. Suppose c = 4*u - 3*u. List the prime factors of u.
2, 7, 13
Let d(z) = -2*z**3 - 14*z**2 - 4*z + 9. List the prime factors of d(-9).
3, 41
List the prime factors of ((-6)/15)/((-10)/22700)*4.
2, 227
Let i = 804 + -239. List the prime factors of i.
5, 113
Let i = 0 + -34. Let j = i + 3